 -3. Suppose s - i = 2. Let m be (-1 + 42/s)*2. What is the highest common factor of m and 133?
19
Let w be 7/(-21) + (-26)/(-6). Suppose -2*l = 2*l + 20, -w*l - 167 = -3*z. Calculate the greatest common divisor of 7 and z.
7
Let n(f) = -6*f - 4. Let b = -119 + 118. Let t be n(b). What is the highest common factor of 46 and t?
2
Let c = 67 - 21. Suppose -6*w + c + 8 = 0. Let d be -15*w/((-135)/78). What is the highest common factor of 52 and d?
26
Let u(q) = q**2 - 4*q - 7. Let n be u(-7). Suppose -2*k + n = 5*k. Calculate the greatest common factor of 80 and k.
10
Let w be (-2)/6*(-23 - -13 - 1154). Calculate the highest common divisor of 12 and w.
4
Let t be (-2)/(-2)*-4*-1. Let k(b) = -b**2 - 17*b - 45. Let w be k(-4). Let p = w + t. Calculate the greatest common factor of p and 11.
11
Let f be 17 + 7/((-49)/35). Calculate the greatest common factor of 1032 and f.
12
Let n be 0 + 3 + (2 - 0 - -1). Calculate the greatest common divisor of n and 9.
3
Suppose -16*r + 22*r = 36. Calculate the highest common factor of 18 and r.
6
Let w = 82 + -44. Let l be 3/(-9) + w/6. Let p(x) = 3*x**2 + 15*x. Let k be p(-7). Calculate the highest common divisor of l and k.
6
Suppose 25*m - 7876 - 924 = 0. Calculate the greatest common divisor of 32 and m.
32
Suppose -4*q = -0*q. Let j(u) = -u**2 + 14. Let d be j(q). Let r = 241 - 227. What is the highest common factor of r and d?
14
Suppose -a = -2*m - 8, -m + 10 - 42 = -4*a. Suppose 9*d = a*d + 16. Calculate the greatest common factor of d and 2.
2
Let o be (-18 - 0)*1*(-3 - -2). Let h = 2 + -2. Suppose h = 4*s - 0*s - 144. Calculate the highest common divisor of o and s.
18
Let u = -12 + 24. Let c(k) = k**3 + 31*k**2 - 37*k - 40. Let b be c(-32). What is the highest common divisor of b and u?
12
Let v = -2858 + 4983. What is the greatest common divisor of 17 and v?
17
Let j be (12/8)/((-3)/(-8)). Let s(d) = -d**3 - 11*d**2 - d + 5. Let c be s(-11). Let i be 30*(-12)/(-18)*c/10. Calculate the highest common divisor of i and j.
4
Let w be (3 - 5/(-2))/((-29)/(-58)). Suppose -5*o + 28 = 3*q, 25 = -o + 6*o. Calculate the greatest common factor of q and w.
1
Suppose 0 = 1300*f - 1312*f + 144. Let g(k) = -k**2 - 5*k + 4. Let i be g(-5). Calculate the greatest common factor of i and f.
4
Let p(k) = -5*k + 2. Let d be p(1). Let f = d + 27. Calculate the greatest common factor of f and 16.
8
Suppose -8*d + 0*d + 880 = 0. Calculate the highest common factor of 10 and d.
10
Suppose -8*c + 5*q + 35 = -5*c, 4*c - q - 41 = 0. Let d be (-2)/(-10) - (-417)/15. Let g = d - 18. What is the greatest common divisor of c and g?
10
Suppose 14*a - 1403 = 5513. Let k = 714 - a. Suppose -3*y - 19 = 2*o - 77, 22 = y - 2*o. What is the greatest common factor of y and k?
20
Let k = 1405 + -1392. Calculate the highest common factor of 793 and k.
13
Let a(j) = 4*j**2 + 8*j - 5. Let h be a(2). What is the highest common factor of 18 and h?
9
Let z be -22*((-14)/12 - (-12)/(-36)). Suppose -2*k - 32 = -f + z, 0 = -4*f + k + 239. Calculate the highest common factor of 413 and f.
59
Let r = 39 + -32. Suppose -2*i + 13 = -5*g + 53, 2*g = -i + r. What is the greatest common factor of g and 3?
3
Suppose 0*u + 1450 = 3*u + 5*x, -2395 = -5*u - 4*x. Suppose 2*r = c + 245, -6*r - c = -2*r - u. Calculate the greatest common factor of r and 15.
15
Let n = -774 - -1095. Suppose 78 + n = 3*c. Suppose 19 = j - 0. Calculate the greatest common divisor of c and j.
19
Let c(g) = 5*g**2 - 2*g. Let l be c(-5). Calculate the greatest common factor of l and 315.
45
Suppose -5*u + a + 82 = 4*a, 0 = -5*a + 20. Let n be u/10 - 8/20. Suppose -2*p = -k - 2 - 0, -p + n = 3*k. Calculate the greatest common divisor of p and 1.
1
Let l(d) = d**3 + 4*d**2 - 6*d - 15. Let i be l(-3). Calculate the greatest common factor of 28 and i.
4
Let g(q) = 24*q**3 - 13*q**2 - 23*q**3 + 0*q**2 - 14 + 16*q. Let y be g(12). Calculate the greatest common factor of 17 and y.
17
Suppose 3*f - 9*f = -168. Let g be -3*(-2 + f/(-3)). Suppose 3*s - 2*k + 5*k - 156 = 0, 3*k + 150 = 3*s. Calculate the highest common divisor of g and s.
17
Let t(n) = n**3 - 10*n**2 - 11*n + 9. Let f be 13 - 1 - 14/14. Let o be t(f). What is the greatest common factor of 72 and o?
9
Let f(w) be the first derivative of -w**3/3 + 5*w + 26. Let d be f(2). What is the highest common factor of d and 19?
1
Suppose 0 = -2*u + 3*a - 169 - 19, 5*u = -3*a - 428. Let l = 132 - u. What is the greatest common factor of l and 20?
20
Suppose -4*g + w + 23 = g, 5*g + w = 27. Suppose -65 = -v - g*k, -55 = -2*v - k + 30. What is the greatest common factor of 16 and v?
8
Suppose 8*n = 751 + 225. Let f = n + -112. Calculate the greatest common factor of f and 65.
5
Let a = -208 + 428. Let z = 350 - a. Calculate the highest common factor of 10 and z.
10
Let x = -5 - -14. Let q be 4/(-10) + 54/(-15). Let p(s) = -24*s + 3. Let t be p(q). Calculate the highest common divisor of t and x.
9
Let j(o) = 12*o + 320. Let a be j(-25). What is the greatest common factor of a and 750?
10
Let x(r) = r**3 + 8*r**2 + 2*r - 31. Let a be x(-7). Calculate the greatest common factor of a and 7.
1
Let n be 80/(-6)*576/60. Let f be 68/(-85) - n/10. Suppose -g + 44 = h, -3*h = -4*g + 19 - 179. What is the highest common factor of h and f?
12
Let m be 32/18 + 6/27. Suppose m*c - 21 - 39 = 0. Suppose -67*i + 63*i + 120 = 0. What is the greatest common factor of c and i?
30
Suppose 2*v + 171 = 367. What is the highest common factor of v and 21?
7
Suppose 2*s = -3*s + 170. Suppose -5*j + 3*c + 146 = 0, c - 104 = -5*j + s. Suppose -37 = -5*a + j. Calculate the greatest common factor of 13 and a.
13
Let t(k) = k**2 - 4*k - 18. Let a be t(-7). What is the highest common factor of 236 and a?
59
Let h(c) = 4*c + 11. Let z be h(-3). Let l be 0/(-1 + 3) - z. Calculate the highest common divisor of 3 and l.
1
Suppose 0 = 6*s - 2050 - 2510. What is the highest common divisor of s and 10?
10
Let u = -670 - -1714. Suppose 36 = -6*x + u. What is the greatest common divisor of 24 and x?
24
Suppose -7743 = -0*k - 5*k - 3*y, -y = 3*k - 4645. What is the highest common divisor of 12 and k?
12
Suppose 152 = 18*x - 496. Let m be (-2)/(-3) - (-114)/(-9). Let p = m + 21. What is the greatest common factor of x and p?
9
Let x be (-110)/(-33)*(-9)/(-5). Suppose 18 = 3*a + x. Let o be ((-13)/a)/((-9)/36). What is the highest common divisor of o and 143?
13
Suppose -74*m - 4214 = -117*m. What is the greatest common divisor of m and 2646?
98
Let r(i) = 19*i**2 - i. Let x be r(-1). Let n be -3 - x/(-5) - -26. What is the greatest common divisor of n and 36?
9
Suppose 5*v + 12*c - 143 = 10*c, 0 = -2*v + 5*c + 34. What is the highest common factor of 216 and v?
27
Let j be 167 + -7 + 3 + -11. What is the greatest common divisor of 95 and j?
19
Suppose -6888 = 23*t - 44*t. Calculate the highest common factor of t and 574.
82
Suppose 4*d + 0*d + 4 = 0, -2*u + 5*d + 37 = 0. Let z be (5 - 1)/(4/u). What is the greatest common divisor of z and 32?
16
Suppose 5*z + 182 = 19*z. Calculate the greatest common factor of z and 9.
1
Suppose 0 = -4*o - 4*a + 9*a + 196, -2*a = -4*o + 208. Calculate the highest common factor of 351 and o.
27
Let p(i) = -i**3 + 27*i**2 - 27*i + 45. Let f be p(18). Calculate the highest common factor of 55 and f.
55
Let t be 382/18 - 4/18. Suppose 3*g + 3*x = 184 + 128, -2 = 2*x. What is the highest common factor of g and t?
21
Let t(d) be the first derivative of 8*d**2 + 4*d - 3. Let b be t(3). Suppose -2*n + 244 = b. What is the greatest common factor of 12 and n?
12
Suppose -3*z + 44 = z - 5*y, 5*y + 20 = 0. Let d be 3 + 3/z*-2. Let k be d/(-2) - 253/(-1). What is the highest common divisor of 36 and k?
36
Let l = 60 + -9. Suppose -5*t - 5*u = -0*u - 100, -4*t + 2*u + 62 = 0. Calculate the greatest common divisor of l and t.
17
Let s = 10 + 15. Suppose -r + 3*r + 5*w = s, -3*r - 4*w = -27. Calculate the greatest common factor of r and 40.
5
Suppose -98 - 167 = -5*y. Let z = 24 + -19. Suppose 0 = -z*f + 3*d + 59, d - y = -5*f + 2*d. What is the greatest common divisor of f and 4?
2
Let m = -140 + 147. Calculate the highest common divisor of m and 91.
7
Suppose -4*f + 1944 = -5*h, 550 = 2*f - h - 416. Suppose 5*j - 33 = -2*c + f, -5*c - 119 = -j. Calculate the hi